j - 9. Is t(a) a composite number?
False
Suppose 0 = 4*y - 10 - 10. Let l(c) = 5*c + 2. Let h be l(y). Let f = 10 + h. Is f composite?
False
Let l be (-6)/9 - 8875/(-15). Let y = l - 388. Is y composite?
True
Let h(u) = 2*u - 3. Let g be h(3). Suppose -w - g*s + 210 = 0, -5*w - s + 1090 = 4*s. Let q = -139 + w. Is q prime?
True
Suppose 2*v + 4*m - m - 4589 = 0, m = 1. Is v prime?
True
Let n(p) = -16*p**3 - 23*p**2 - 48*p - 97. Is n(-18) composite?
False
Let p = 55 - 49. Is (2/(-6))/(p/(-14346)*1) prime?
True
Let s(q) = -q**3 - 7*q**2 - 3*q - 6. Let k be s(-7). Let t(g) = -g**3 + 14*g**2 + 21*g - 19. Is t(k) composite?
False
Let c = -396 - -5394. Let g = c - 3349. Is g a composite number?
True
Suppose 0 = 2*a - 5 - 1. Is (0/4 - 57)*(-1)/a a composite number?
False
Suppose 0 = -12*f + 7*f - 3*d + 28510, -4*f - 3*d = -22811. Is f prime?
False
Let s = -1873 - -2915. Is s prime?
False
Suppose -3*m = -b - 4315, -24*m + 5746 = -20*m - 5*b. Is m a prime number?
True
Let m(f) = 62 + 4*f**2 - f**2 - 8*f**3 - f**2 - 3*f - 52. Is m(-3) composite?
True
Let x be 2/4 + (-27)/(-6). Suppose -3*l + x*k = -5, -4 = -5*l + 4*l + 4*k. Suppose 4*j - j - 147 = l. Is j a prime number?
False
Is 9/((-1512)/(-16)) + (-176797)/(-21) prime?
True
Suppose m + 5580 = 5*w, 9*w - 5*m + 5550 = 14*w. Is w a prime number?
False
Let i(v) = 0 - 1 - 447*v + 3. Let a = 22 - 23. Is i(a) composite?
False
Let m(v) be the third derivative of 653*v**5/60 + v**4/12 + v**3/6 + 15*v**2. Is m(-2) composite?
False
Suppose -5*l + 3*s + 1218 = -1497, s = 4*l - 2172. Let w be (-21 - -19) + 1*388. Let u = l - w. Is u a composite number?
False
Let o = 20 - 37. Is (17/2)/(o/(-986)) a prime number?
False
Let i be ((-16)/(-4))/((-6)/(-9)). Let p(c) = 425*c + 29. Is p(i) a prime number?
True
Let r be (-1 + 5)/(-4) + 1199. Let x = 1899 - r. Is x a composite number?
False
Suppose 44*a - 38*a = 6. Suppose 2*z + 4*b + 4148 = -z, -4*z - b - 5548 = 0. Is 4*a/((-16)/z) a composite number?
False
Let i be 3 - ((-2)/8 - (-9567)/(-4)). Suppose 0 = 3*c - 4*x - i, 5*c - 5354 + 1370 = -x. Is c a composite number?
False
Is (1 - -85352)*(110/(-30))/(-11) prime?
False
Let p(i) = 260*i**3 + 10*i**2 - 14*i - 3. Is p(5) composite?
True
Let p be (-4)/14 - (-20304)/112. Suppose -74 - p = -5*z. Is z a prime number?
False
Let o be (-24)/(-2) + 0 + 0. Suppose -4*q - o = -2*m, 2*m - 8 = 2*q - 0. Suppose 0 = -2*x - s + 5*s + 248, 239 = m*x + 5*s. Is x prime?
False
Suppose -5*o + 7 = -t, -3*o + 3*t + 2 = 5. Suppose -o*i = 2004 - 6446. Is i prime?
True
Let p(k) = 18*k - 35. Suppose 5*r - 12*r = -77. Is p(r) a composite number?
False
Suppose -q + 8262 = -i, 5*q - q - i = 33051. Is q prime?
True
Let y = 2685 - 296. Is y prime?
True
Let r = -521 + 757. Let p(d) = -d - 109. Let v be p(0). Let l = r + v. Is l a prime number?
True
Suppose 175417 = 32*s + 5*s. Is s a prime number?
False
Suppose -28292 + 3053 = 3*v. Let c = -5166 - v. Is c composite?
True
Let c(f) = 10*f**2 + 5. Let y be c(5). Suppose -4*s - 170 = -2*i + 4*i, 3*s = 3*i + y. Let l = i + 276. Is l composite?
False
Let l(u) = 191*u**2 + 6*u - 1. Suppose 11 = 4*j - 5. Is l(j) composite?
False
Let b(l) = 3*l**2 + 38*l + 33. Let j(y) = 24*y + 2. Let p be j(-1). Is b(p) prime?
False
Suppose 3*s = -3*d + 6*s + 51, 74 = 4*d - 2*s. Let y = 2 - d. Let m = y - -20. Is m composite?
False
Let v(c) = -c**3 - c**2 + 3*c - 2. Let y be v(2). Let b(l) be the third derivative of l**5/60 + l**4/8 + 3*l**3/2 + 4*l**2. Is b(y) a composite number?
True
Suppose -3*j - 9 - 6 = 0, -5*s - 4*j + 5 = 0. Is 8/(-40) - (-1296)/s a prime number?
False
Is ((-62469)/66)/(3/(-2)) composite?
False
Let s = -2562 + 1641. Is (-22)/4*(-5 + s) - 4 composite?
True
Suppose -2 = -3*k + 4*k, 0 = 5*c - 5*k - 2945. Is c composite?
False
Is (-1 - 210774/(-15)) + (-4)/(-10) composite?
False
Suppose 36 + 5 = -3*f + 5*a, 51 = -4*f + 3*a. Let u = 2 - f. Is u a composite number?
True
Let r = 1281 + -530. Is r prime?
True
Let x(l) = 5*l**2 + 2*l - 10. Let s be 14/((5 + -4)*-2). Is x(s) composite?
True
Suppose 136725 = 15*a - 0*a. Suppose -42*y - a = -47*y. Is y composite?
False
Is 53/((-4823)/(-78)) + (-151622)/(-14) a composite number?
False
Suppose -4*n + 141678 = -5*p, 3*p = 3*n - 7*n + 141662. Is n a prime number?
False
Is 3324/1 + (2 - (0 - -7)) prime?
True
Suppose 3*r - z - z - 920 = 0, 5*r = 4*z + 1532. Suppose 2*a = -2*d + 208, -4*a + 216 = 5*d - r. Let h = d - 69. Is h composite?
True
Suppose 2*c - c - 12 = 0. Let n = 52 + c. Let t = n + -30. Is t prime?
False
Suppose 4*i - 4 = 2*i. Suppose 79 = 2*r - 3233. Suppose s - 535 = 4*c, -3*s - i*c = 3*c - r. Is s a prime number?
True
Is 0 - 4/((-12)/5337) composite?
True
Suppose -4*y - 3*f - 10 = 2*f, -y + 4 = -2*f. Suppose 2*j + 4*v - 890 = -y*v, 2*v + 902 = 2*j. Is j a composite number?
False
Let x(u) = -7*u**2 - 18*u - 4. Let r(o) = -4*o**2 - 9*o - 2. Let n(z) = 5*r(z) - 3*x(z). Let h be n(-8). Is h/(4/2) + 188 prime?
False
Let m = 18977 + -12050. Is m prime?
False
Let m be -4*(277/4)/(-1). Let l = m + -150. Is l a prime number?
True
Suppose 4*n = 6*q - 2*q - 4, -4*n - 4*q = 20. Let v(x) = -x + 1. Let a be v(n). Is 83 + (-4)/1 + a prime?
True
Suppose 163 = -4*z - 1193. Is (0 - z) + -9 + 7 composite?
False
Let w(t) = 33*t**2 - 4*t + 10. Let n be w(5). Suppose 2*h - 4*z - 675 = n, -4*h + 2994 = -z. Is h a prime number?
False
Suppose 17*g + 15459 = 18*g. Is g a composite number?
True
Let g(s) = 3670*s - 399. Is g(7) a prime number?
False
Suppose -99708 - 98492 = -40*b. Is b a prime number?
False
Let f = 3276 + 4587. Is f a composite number?
True
Suppose 4*k = -k + 1660. Suppose -k = 2*n - 1816. Suppose -s = -4*s + 2*w + 739, -n = -3*s - w. Is s a prime number?
False
Is -5381*(-1)/(-3)*-3 composite?
False
Let c(r) = 6*r + 14*r**3 + r**2 - 5*r - 2*r**2 - 1. Suppose -v + 2*v = 1. Is c(v) composite?
False
Let s be (-14)/91 - 1125/39. Let n = 306 - s. Is n a composite number?
True
Is (-3 - -1)/((-8)/8692) composite?
True
Let y(p) = -3*p**3 + 12*p**2 - 34*p - 32. Is y(-13) a prime number?
True
Let n be (-1)/(-2)*(2 - -6). Let k(l) = 3*l**3 + 6*l**2 - 3*l - 4. Let y be k(n). Suppose -5*w + 393 + y = 0. Is w prime?
False
Let v(i) = 45*i**2 + 8*i + 44. Is v(13) composite?
False
Let a(q) = q**3 - 2*q**2 + q. Let h be a(1). Suppose 4*x + 3*s = 415, 0 = -2*x - h*s + 3*s + 203. Suppose 5*c + x + 79 = 2*p, 2*p + 5*c = 182. Is p composite?
True
Is (-285703)/(-19) - (-20)/2 a composite number?
True
Let z(n) = n + 74. Let k be z(0). Let j = k + -15. Is j prime?
True
Let w(j) = 5*j**3 + 21*j**2 + 18*j + 3. Is w(10) prime?
True
Suppose 4*o - 9*o = 3*y - 38768, 51709 = 4*y + 3*o. Is y prime?
False
Suppose l + 6*k - 5*k = 12317, -6 = 3*k. Is l a composite number?
True
Let d(o) = -o + 12. Let p be d(18). Let i(r) = -4*r**3 + r**2 - r + 5. Is i(p) prime?
True
Let w(s) = 374*s - 63. Is w(17) a prime number?
False
Suppose -2*z + 9396 = 4*q, 7*z - 3*z + 2*q - 18774 = 0. Suppose 3*h = 15*h - z. Is h prime?
False
Suppose -3*b - 2*x + 1614 = x, 9 = 3*x. Is b a composite number?
True
Let z = -6869 + 11866. Is z a prime number?
False
Suppose 2*x + 4*x = -11784. Let v = 3343 + x. Is v a composite number?
True
Suppose 277*r - 276*r = 1409. Is r a prime number?
True
Let a(b) = 2*b**2 - 26*b - 41. Let u = 41 + -19. Is a(u) a prime number?
False
Let t be 1686/4*24/18. Let n = 469 - 868. Let l = n + t. Is l composite?
False
Let n = -1030 + 620. Suppose -24*b = -2*b + 5962. Let g = b - n. Is g prime?
True
Suppose -3*y + 5*y = 10, 4*s + 5*y - 47477 = 0. Is s a composite number?
False
Let d = 135494 - 82543. Is d prime?
True
Let r(p) = -54*p**3 - p - 6 + 3*p**2 - 5*p + 8*p. Is r(-3) prime?
False
Let g = -1526 + 1829. Is g a composite number?
True
Let z = -44 + 911. Let i = z - 226. Is i prime?
True
Let m = -54430 - -91857. Is m composite?
True
Let j(f) = 2866*f**3 - 2*f**2 + 1. Let o be j(1). Suppose 0*x - o = -q + x, -4*q = 4*x - 11444. Is q prime?
False
Let x = 15 + -5. Is ((-92)/x)/((-1)/5) a prime number?
False
Let n = -10131 + 17480. Is n composite?
False
Suppose 0 = -2*l - 2, -5*a - l - 360 = 961. Let i = -11 - a. Is i a composite number?
True
Let w = 9508 - -1089. Is w a composite number?
False
Suppose 0 = -2*x - 3*i + 50776, 0 = -x - 3*i + 2923 + 22462. Is x prime?
True
Suppose -5 = -3*w - 6*i + 5*i, -